s a(2)?
7
Let f = -35 + 39. Suppose 0 = 4*o - 20, -f*w - 5*o + 55 = w. Let m(c) = -c**2 + 3*c + 7. Determine m(w).
-11
Let s = 11 - 8. Let f(x) = -x + 1. Let h(y) = 5. Let p(c) = s*f(c) - h(c). Determine p(-4).
10
Let o(d) = -2*d**3 - d**2 + d. Let a = -1319 + 1321. Calculate o(a).
-18
Let v(d) = d**3 - 3*d**2 - 11*d. Let b be v(5). Let l(k) = -k**3 - 5*k**2 - 2*k + 6. Give l(b).
16
Let u(l) = -l**2 + 3*l + 15. Let o = 17 - 11. Let z be u(o). Let s(f) be the third derivative of f**6/120 + f**5/30 - f**4/24 + 2*f**3/3 + f**2. Calculate s(z).
-2
Let v(n) = 0*n - 544 - 550 + 0*n + 1097 - n. Let h(k) = k**3 - 3*k**2 - 4*k + 5. Let b be h(4). What is v(b)?
-2
Suppose 0 = 5*t + n + 43, 5*n + 14 = -1. Let s(u) = -u**3 - 10*u**2 - 18*u - 9. Give s(t).
7
Let o(f) be the second derivative of f**5/20 + f**4/3 - 5*f**3/6 + 3*f**2 + 7408*f. Suppose -3*u - u - 20 = 0. What is o(u)?
6
Suppose -127*t - 36 = -115*t. Let k(s) = -5*s**2 - 2*s - 2. Calculate k(t).
-41
Let g be (0 + 0)/(2 + (-15)/3). Let w(t) = -t + g*t + 3 - 4*t + 6*t. Calculate w(-5).
-2
Let m(c) = 117*c - 3*c**3 - 114*c - 1 - 7*c**2 + 4*c**2. Calculate m(2).
-31
Let i(l) = -1 + 13*l - 5*l - 9*l + 2*l + 0. What is i(1)?
0
Let i(z) = 6*z + 29. Let f(y) = -y - 4. Let w(p) = 5*f(p) + i(p). What is w(-2)?
7
Let b(m) = m**3 - 15*m**2 + 13*m + 7. Suppose 0 = 3*q + 65 - 107. What is b(q)?
-7
Let s(o) = o**3 - 9*o**2 - o - 11. Let x be s(10). Let g = x - 84. Let l(i) = i**3 + 4*i**2 - 5*i + 7. Determine l(g).
7
Let u be -3 - (-1 - -1 - 0). Let z(f) be the third derivative of -f**5/120 + f**4/12 - f**3 - 9*f**2. Let n(s) be the first derivative of z(s). Calculate n(u).
5
Let p(c) = c**2 + 4*c. Let d be p(-3). Let s(m) = -5*m**2 - 15*m - 6. Let t(y) = -y**2 - 3*y - 1. Let x(z) = -s(z) + 4*t(z). Give x(d).
2
Suppose -3 = c - 2. Let n(x) be the second derivative of 3*x**5/10 + x**4/12 + x**3/6 - 33*x. Determine n(c).
-6
Let l(n) = -n**3 + 8*n**2 - n + 7. Suppose 5*p = -4*a + 32, -11 = -4*p - 2*a + 17. Calculate l(p).
-1
Let k be 2*(1 - (-5)/(-10)). Let x be 4 - (k + 1)/((-8)/12). Let v(l) = l**3 - 6*l**2 - 8*l - 3. Give v(x).
-10
Suppose 0 = -3*f + f + 10. Let m(n) = 3*n**3 + 4*n**3 + 17*n**2 - 3*n - 11*n**2 - 6 - 8*n**3. Calculate m(f).
4
Let p(d) = 2*d - 12. Let n = 3 - -2. Suppose -q + 19 = 2*w + w, n*w + 4*q - 20 = 0. Let m be p(w). Let t(y) = y**3 - 5*y**2 + 5*y + 1. Calculate t(m).
5
Let d(p) = -p**2 + p + 34. Let s be d(6). Let b(f) be the second derivative of 2*f - 1/6*f**s + 0 + 1/6*f**3 - f**2. Calculate b(2).
-8
Suppose -3*j - 1 + 24 = 4*p, 3*j = 2*p - 7. Let m(n) = -4*n**2 - 2*n - 3. Let h(c) = c**2 - c - 1. Let w(a) = 3*h(a) - m(a). Give w(j).
6
Let s(c) = 0*c**2 + 0*c**3 + c**3 + 3*c**2. Let p = 49 - 52. Give s(p).
0
Let r(d) be the first derivative of -d**4/4 - 11*d**3/3 + 3*d**2/2 + 4*d - 72. Calculate r(-11).
-29
Let f(d) = -d + 11. Let v(j) = -5*j**2 - 148*j + 67. Let s be v(-30). Give f(s).
4
Let h be (4/4)/(3/(-18)). Suppose 3 = 3*n - 30. Let g(f) = n - 4*f - f**3 - 7*f**2 + 0*f**2 - 3. What is g(h)?
-4
Let m(z) = 12 - 3 - 17 - 2*z. Determine m(-3).
-2
Let o(n) be the second derivative of -1/20*n**5 + 0*n**2 + 21*n + 0 - 1/12*n**4 + 1/2*n**3. Calculate o(-3).
9
Let c be (-2 + 5)*(-6)/(-18)*11. Let g(h) = h**3 - 12*h**2 + 15*h - 16. Give g(c).
28
Let x(c) = -2*c - 2*c + 0 + 1. Let v = -41 - -25. Let o be (v/(-6))/((-16)/(-24)). What is x(o)?
-15
Let g(p) be the third derivative of -1/3*p**3 - 1/12*p**4 + 0 + 37*p**2 + 0*p. Let h(u) = u**3 + 6*u**2 + 6*u + 1. Let y be h(-5). Give g(y).
6
Let p(q) be the first derivative of -5*q**3/3 + 3*q**2/2 + 2*q - 44. Give p(3).
-34
Suppose 2*f = f + 3. Let m(r) = f + 3 - 3*r + 3*r**2 - 5*r - 2*r**2. What is m(7)?
-1
Let u = -132 + 94. Let v = -42 - u. Let s(h) = h**3 + 4*h**2 - 7*h - 6. Calculate s(v).
22
Let u = 14 + -10. Suppose 0*f - u*f + 4*k + 4 = 0, 9 = -f - 4*k. Let o(d) = 13*d + 1. Determine o(f).
-12
Let c(i) = -i**2 + i - 11. Suppose 0 = -2*a - 2*a - 5*g + 82, a - g = 16. Let b = a + -18. Determine c(b).
-11
Let n(y) = -y**3 - 5*y**2 + 6*y + 6. Suppose 2*k = 4*a - 358, 3*a + 0*a + k = 276. Suppose a = z + 287. Let u be 2/16 + z/32. What is n(u)?
6
Let c(k) = -k**3 + 2*k**2 + 6*k + 5. Let r be c(-2). Suppose 3*d - 33 = -3*t, -d + 6 = 5*t - r. Let b(w) = w**3 - 11*w**2 + 8*w + 14. Calculate b(d).
-6
Let r(t) = 49 + 47 - 3*t + 49 + 54 - 205. Calculate r(-3).
3
Let g(l) = l**3 + 9*l**2 + 3*l + 12. Let y be (5/(-15))/(5/135). What is g(y)?
-15
Let b(o) be the second derivative of -o**4/12 + o**3/6 - 2*o**2 + 39*o. Give b(5).
-24
Suppose -2*v - 5*k = 3*v + 40, 0 = -3*v - 5*k - 34. Let f(q) = -q**3 - 4*q**2 - q - 4. Calculate f(v).
-10
Let w(y) = 3*y - 3. Suppose -3*d + 4*a + 40 = -2*d, 4*a - 8 = 0. Let m be -12*-3*4/d. Give w(m).
6
Let t(r) = 7 - 2*r - 2*r + 5*r. Let x(z) = 2*z - 11. Let j be x(11). Let g be 7 + -3 - (j + -1 + -1). Determine t(g).
2
Let c(j) = -j - 1. Let z(p) = -2*p - 12. Let m(o) = 3*c(o) - z(o). Let q be m(3). Let b(f) = f - 4. Calculate b(q).
2
Let u(h) = -h**3 + 7*h**2 + 10*h + 5. Suppose 3*d + t - 44 = -4*t, 0 = -4*d + 5*t + 12. What is u(d)?
21
Let n(z) = -2*z + 16. Suppose 396 + 539 = 55*w. Calculate n(w).
-18
Suppose 4*a = 5*f - 62, -8*f + 3*f + 60 = -5*a. Let m(v) = 36 - 11 - f - 11*v - 12. Give m(-1).
10
Let f(s) be the third derivative of s**5/60 - 11*s**4/24 + 19*s**3/6 - 609*s**2. Determine f(7).
-9
Let u(t) be the third derivative of -t**5/15 - 11*t**4/24 - 4*t**3/3 + t**2. Let w(x) = -11*x**2 - 32*x - 23. Let l(k) = 8*u(k) - 3*w(k). Determine l(-7).
-2
Let i(m) = m**3 + 7*m**2 + 10*m + 9. Let p be i(-6). Let f = p - -24. Let v(k) = -f + k - k + k - 5. Give v(0).
-14
Let i be (32/24)/(6/9). Let c(m) = -5*m. What is c(i)?
-10
Suppose 13 - 1 = 3*g. Let d(m) = 0*m**3 + 6 - 3 - 5*m**2 - m - m**3 - g. Determine d(-5).
4
Let m be 1/4 + 22/8. Let j(p) = 7*p - 6*p + 11 - 13. Let f(b) = b - 3. Let t(z) = -2*f(z) + 5*j(z). Give t(m).
5
Let q(a) = a**3 + 9*a**2 + 8*a + 5. Let t be q(-8). Suppose -t*x + x = -20. Let o(y) = -3*y - 2*y + y**3 - 5*y**2 + y**2 - 2*y + 4. Give o(x).
-6
Let g = -656 + 663. Let p(l) = -l**3 + 6*l**2 + 8*l - 8. Determine p(g).
-1
Let c(k) be the first derivative of -k**2 + k - 45. Determine c(4).
-7
Let y(w) = 3*w + 3. Let m = 14 + -4. Let n = m + 2. Suppose 6*f - 3*f = -n. What is y(f)?
-9
Let u = 255 - 150. Let s = -101 + u. Let f(d) = d**3 - 4*d**2 + 3*d - 5. Give f(s).
7
Let t be 3/((-6)/3 - (-14)/4). Let g(a) = 6*a + 3. Let x(v) = 13*v + 7. Let d(o) = -9*g(o) + 4*x(o). Determine d(t).
-3
Let s(b) = -b**3 + 7*b**2 + 16*b + 23. Let i be s(9). Let l(m) = -3*m**2 + 13*m + 11. Give l(i).
1
Let g(w) = w**3 - 6*w**2 + 2*w + 1. Let i(k) = 2 + 8*k**3 - 4*k**3 - 3*k**3 - 9*k - 14 + 5*k**2. Let d be i(-6). Determine g(d).
13
Let m(v) = v**3 - 3. Let r = 154 - 128. Let z be (0/1)/(r/(-13)). What is m(z)?
-3
Suppose 2*k + 6 = -2*x, -2*x + 6*x = -k - 18. Let y(u) = -2*u + 29. Let o be y(13). Let d(i) = 2 - 2*i**o + i**3 + 11*i**2 - 2*i**k - 2*i**2. Determine d(7).
2
Let g be (5 - 0)*1 - 2. Suppose g*n + x + 18 = 6*x, x = -3*n. Let b be -5 + (n - 0)*1. Let y(r) = r**2 + 7*r - 5. What is y(b)?
-11
Suppose -3*n - 4 = 2*h, -7 + 2 = 5*n + 3*h. Let c(w) = 4 - 2 - 3 + 5*w**n. Give c(-1).
4
Let n = 7 - 7. Suppose n = 4*g - 2 + 6. Let s(u) be the second derivative of 7*u**4/12 + u**3/6 + u**2/2 + 8*u. What is s(g)?
7
Let r(q) = 2*q**3 + 20*q**2 - q - 5. Let t be r(-10). Let x(j) = 6*j + 8. Let o(f) = 7*f + 9. Let s(i) = -5*o(i) + 6*x(i). Determine s(t).
8
Let r(t) be the second derivative of 4*t**3/3 - 3*t**2/2 + 7*t + 52. Calculate r(-2).
-19
Let j(n) = n**2 + 4*n + 7. Suppose -3*v = -5*f + 6, -5*v - 5*f = -9*f - 3. Let b be v/6*-2*(-5)/(-1). Give j(b).
12
Let c(g) = -g**2 - 2*g - 4. Let x(i) = -2*i**2 + 25*i + 39. Let s be x(14). Give c(s).
-7
Suppose 14*w + 23*w = 2*w. Let m(c) = -c**2. Let o(b) = b**3 - 3*b**2 + b + 6. Let j(f) = 3*m(f) - o(f). Determine j(w).
-6
Let n(z) = -2*z**2 + 9*z + 6. Suppose 17*m - 12*m - 15 = 0. Let g(u) = u**2 - 10*u - 7. Let i(v) = m*g(v) + 2*n(v). Calculate i(-11).
2
Suppose 15*i + 1070 = 725. Let x(h) = h + 35. Calculate x(i).
12
Suppose a = 2*x + 9, 4*x - a + 11 = -4. Let t(k) be the first derivative of -k**2 - k + 70. Determine t(x).
5
Let s(n) = 7*n + 166. Let w(l) = 8*l + 193.